et g(o) = 100*o**2 + 162*o - 962. What is the thousands digit of g(6)?
3
Suppose -7474 - 41166 = -19*c. What is the thousands digit of c?
2
Let y = -1 - -1. Suppose y = 33*m - 15*m - 1170. What is the tens digit of m?
6
Let h = 29495 - -3407. What is the hundreds digit of h?
9
Let c = -2606 - -7005. What is the tens digit of c?
9
Let z(w) = -45*w + 195. Let r be z(4). What is the hundreds digit of 106*(r - -2) + 7?
8
Let c(v) be the first derivative of 2*v**3/3 + 5*v**2 - 67*v + 11. What is the units digit of c(16)?
5
Suppose 4*z - 1660 = -4*j, -5*j - 4*z - 1108 = -3187. What is the units digit of j + (-1)/((-1)/4*1)?
3
Let j(c) = c**2 - 2*c - 10. Let y be (-24)/10 - 4/(-10). Let l be y/((-51)/(-12) + -4). What is the tens digit of j(l)?
7
Let p(s) = -69*s - 76. Suppose -3*h = 2*w + 30, -6*w + w + 75 = -5*h. What is the tens digit of p(h)?
5
Let x be (8 - 2)/(13/2 + -5). Suppose 5*f = -x*s + 772, -2*s = f - 426 + 34. What is the hundreds digit of s?
1
Suppose -3*b = 47 + 16. Let g = 36 + b. What is the tens digit of g?
1
Let p(y) = -6 - 6*y**2 + 4*y**2 - 2*y**2 + 8*y**3 + 11. What is the hundreds digit of p(4)?
4
Suppose -212*v - 203*v = -433*v + 399564. What is the ten thousands digit of v?
2
Let b be 8/(-32) - (51/(-12) - 1). Suppose -66 = -g + b*k, g - 9*k - 64 = -5*k. What is the tens digit of g?
5
Let v(x) = 18*x**2 + 13*x + 16. Let a be v(-2). Suppose -a - 5 = -w. What is the units digit of w?
7
Suppose -4*r - 1520 = -3*p, 0 = 2*r - 2*p + 6*p + 738. Let z = r + 252. Let x = -53 - z. What is the units digit of x?
2
Let g(m) = 11*m**2 + 17*m + 22. Let v be (2/(-6))/(45/675). What is the units digit of g(v)?
2
Let c be 2/(-16)*(-4 + 14)*-4. Let a be ((-39)/(-6) + 1)*4/c. What is the tens digit of (-8)/a*-41*75/50?
8
What is the units digit of (2060/140 + -17)*-17213?
4
Let h(i) be the third derivative of 30*i**2 + 1/120*i**6 - 17/6*i**3 + 0*i + 13/30*i**5 + 0 + 5/6*i**4. What is the tens digit of h(-25)?
0
Let i = 2 - -39. Let a = i + -28. Suppose a*y = 15*y - 124. What is the tens digit of y?
6
Let g(a) = 20*a - 27. Let r(b) = -9*b - 28. Let j be r(-4). Let z be g(j). Let v = z + -58. What is the units digit of v?
5
Suppose 0 = -5*g + 45 - 15, 2*i + g = 40120. What is the tens digit of i?
5
Let a = 45 + 3093. Suppose 9*x + 888 = a. What is the hundreds digit of x?
2
What is the ten thousands digit of 21*(-32)/336 - (-16314 - -1)?
1
Suppose -316 = -x - 3*p, 5*x + 3*p - 2230 + 614 = 0. What is the tens digit of 6/(6/x) + -2?
2
Suppose 8*r - 28158 = 8722. What is the hundreds digit of r?
6
Suppose -f = 2*i - 6*f - 2950, f = -4. Suppose -4*p - 3*b + 0*b = -i, p = b + 368. What is the hundreds digit of p?
3
Let q(c) = 4*c**2 + 88*c + 1408. What is the units digit of q(-37)?
8
Suppose -324*f + 438681 = -235*f. What is the hundreds digit of f?
9
Suppose 1653173 = 92*s - 6155143. What is the units digit of s?
3
Let r(d) = -d**3 + 7*d**2 + 4. Let f be r(7). Suppose f*o - 56 = -5*q, q = 5*o - 28 - 13. What is the tens digit of (65 + 1)/(o/6)?
4
Let o(h) = h + 5*h - 848*h**2 + 849*h**2 + 448. Let k be o(0). Suppose -218 = -3*p + k. What is the hundreds digit of p?
2
Let n(w) = 11*w - 83 + 2*w + 45*w - 7*w - 11. What is the hundreds digit of n(22)?
0
Let h(d) = -d**2 + 15*d - 16. Let w be h(14). Let y be w/(-4)*(135 - 3). Let z = -4 + y. What is the units digit of z?
2
Let n = -64 - -64. Let s(i) = 17*i + 1. Let v be s(9). Suppose n*m = 7*m - v. What is the tens digit of m?
2
Suppose 0 = -5*l - 5*d + 13755, 3*l + 1004 = 4*d + 9285. Suppose 4*k + l = 23*k. What is the tens digit of k?
4
Suppose 393*f = 400*f - 77. Suppose f*x = 3*y + 6*x - 2616, -4*x = -5*y + 4347. What is the tens digit of y?
6
Suppose c - 3*k - 1740 = 0, 2*c - 1639 - 1885 = -5*k. Suppose c + 1813 = 5*f. What is the hundreds digit of f?
7
Let r = 42 - 42. Suppose r = -z - b - 5, -2*b - 10 = -0*z - 2*z. Suppose z = 3*a - j - 79, 2*j - 3 = 7. What is the units digit of a?
8
What is the tens digit of (36192/(-290))/((-12)/440)?
7
What is the hundreds digit of ((-641)/(-3))/(((-1045)/210)/1 - -5)?
9
Let r = 21783 - -23699. What is the thousands digit of r?
5
Let j(n) = 2*n**2 + n - 5. Let d be j(8). Suppose -5*t - 121 = -d. Suppose t*f - 102 = 256. What is the units digit of f?
9
Let f(p) = 1296*p**2 - 53*p - 125. What is the thousands digit of f(-6)?
6
Let o(l) = 9*l - 4. Let j be o(2). Let c(a) = -4 - 7*a - 13*a**2 + 12*a**2 + j*a. What is the units digit of c(6)?
2
Let s(m) = 2246*m + 4. Let o be s(1). Suppose 20*t = o + 3610. What is the tens digit of t?
9
Suppose w - 3282 = -3*m, 1080 = -233*m + 234*m + 5*w. What is the tens digit of m?
9
Suppose 4*m = -16, -4*m - 4559 - 10598 = -3*z. What is the hundreds digit of z?
0
Suppose 0 = 2*z + 3*z + 5*u - 250, 0 = -5*z - u + 242. Let g = z + -42. Suppose -g*f + 2*f + 72 = 0. What is the tens digit of f?
1
Let i be 3/(-12) - (-3)/12. Suppose -z + 4*f = 16, i = -z + f - 0*f - 7. What is the tens digit of (62 - -4) + 3*(-4)/z?
6
Let z(c) = -c**3 + 5*c**2 - 3*c. Let x be z(4). Let h be (282/(-5) - x)*(0 - 5). What is the units digit of 6/(-42) + h/7?
3
Let d(m) = 11*m**2 + 87*m + 6. Let i = -593 - -581. What is the units digit of d(i)?
6
Let x(f) = -4087*f - 7. Let s be x(-1). Suppose 0 = -13*a - 21*a + s. What is the tens digit of a?
2
Let j be (-1 - 3) + 1/(4/24). Let a be (j/3)/(8/36). Suppose 9*p - 135 = -a*k + 4*p, -4*k = -4*p - 180. What is the units digit of k?
5
Let q be 3/((-12)/(-682))*(-12)/6. Let k = 159 + q. Let z = k - -295. What is the tens digit of z?
1
Let z = -48 + 47. Let k be z/(-6)*4 + (-10)/15. Suppose -35*h + 39*h - 24 = k. What is the units digit of h?
6
Let a(h) = -h**2 - 32*h - 77. Let n be a(-31). Let s = n + 180. What is the units digit of s?
4
Let z be 97/4 - ((-220)/16 - -14). Suppose 5*l - 7183 = -3*p, -27*p - 2869 = -2*l - z*p. What is the tens digit of l?
3
Let g = -856 + 510. What is the hundreds digit of 1 - (g - (-30)/5)?
3
Let x = 17434 - 3842. What is the hundreds digit of x?
5
Let k = 5279 - 1712. What is the tens digit of k?
6
Let i be (-133)/28 + 4 + 79/4. Suppose 0 = f + i - 22. What is the hundreds digit of -5 - (1 - f) - (-9 + -135)?
1
Suppose 5 = -g + 19. Suppose -g*p - 12*p + 13728 = 0. What is the hundreds digit of p?
5
Let i(r) = 71*r**2 + 13*r - 8. Let m be (12/(-24))/((-2)/16). Let j be i(m). Suppose 338 = 11*q - j. What is the tens digit of q?
3
Suppose 3*u - 25 = -5*h, u + 9 = 2*h + 10. What is the tens digit of (3 - u)*20/(-8) - -215?
2
Suppose 139*v - 696192 = 90*v. What is the thousands digit of v?
4
Let z = 2330 + -1514. What is the units digit of z?
6
Suppose -4*f + 276 - 7 = d, 0 = 3*d - 3. Let q = -20 - -22. Suppose q*h - f - 110 = -3*m, h + 308 = 5*m. What is the units digit of m?
1
Suppose 3*k - 17 = -2, -2*x + k - 11 = 0. Let w be (2 + 0 + x)*7. What is the hundreds digit of 1/2*(216 + 9 + w)?
1
What is the hundreds digit of 756/168*(-157)/(-6)*2*10?
3
Let n = 1282 - 1279. Suppose 3*w + z = -3*z + 104, z + 4 = 0. Suppose n*y - w = 605. What is the hundreds digit of y?
2
Let k = 8000 - 631. What is the units digit of k?
9
Let l = 211 + -80. Suppose -475 - 869 = -14*x. Let a = x + l. What is the hundreds digit of a?
2
Suppose 106*o - 527*o = -14630592. What is the units digit of o?
2
Let d = -114 - -120. Let q(t) = 14*t**2 - 2*t - 5. What is the hundreds digit of q(d)?
4
Suppose 3*c + 1116 = 4*v - 450, 3*c + 2*v + 1566 = 0. Let z = c - -834. Suppose -4*l = -268 - z. What is the units digit of l?
5
Let m(i) = 49*i**2 + 927*i + 17. What is the hundreds digit of m(-35)?
5
Let n = -4413 + 6324. What is the units digit of n?
1
Let x(f) = 20 - 35 + 19 + 8 + f. What is the units digit of x(30)?
2
Let d(j) be the first derivative of -25*j**2/2 + 28*j + 53. What is the tens digit of d(-3)?
0
Suppose 0 = -4*a - 5*w - 4519, 0 = -4*a - 3*w - 2478 - 2035. What is the hundreds digit of a/(-10) - ((-432)/(-45) + -10)?
1
What is the units digit of 7472*(7*8/588 - 118/(-84))?
8
Let h(o) = 2554*o - 1581. What is the ten thousands digit of h(13)?
3
Suppose 0 = -42*v + 159632 + 165784. What is the units digit of v?
8
Let w(g) = 2*g + 25 - 4*g - 6 + 28. Let f be w(21). Suppose -22 = f*t - 177. What is the tens digit of t?
3
Let s(p) = -p**3 + 13*p**2 - 5*p + 11. Suppose -38 + 62 = 3*w. What is the ten